847?
19, 107, 359
What are the prime factors of 19252041?
3, 17, 377491
What are the prime factors of 1670488?
2, 17, 71, 173
What are the prime factors of 32528?
2, 19, 107
List the prime factors of 28835362.
2, 83, 173707
What are the prime factors of 4064943?
3, 1354981
List the prime factors of 1480312.
2, 31, 47, 127
What are the prime factors of 54244?
2, 71, 191
List the prime factors of 1371893.
1371893
List the prime factors of 731529.
3, 81281
List the prime factors of 547110.
2, 3, 5, 6079
List the prime factors of 12206.
2, 17, 359
What are the prime factors of 1826690?
2, 5, 37, 4937
What are the prime factors of 2770403?
359, 7717
List the prime factors of 8282158.
2, 4141079
List the prime factors of 10852146.
2, 3, 467, 1291
What are the prime factors of 112294?
2, 7, 13, 617
What are the prime factors of 828809?
828809
What are the prime factors of 539343?
3, 7, 1223
What are the prime factors of 9988252?
2, 47, 53129
List the prime factors of 22310173.
31, 719683
What are the prime factors of 132989?
132989
List the prime factors of 3207934.
2, 17, 94351
List the prime factors of 7756361.
7756361
List the prime factors of 3406472.
2, 19, 73, 307
What are the prime factors of 137065?
5, 79, 347
List the prime factors of 927291.
3, 23, 89, 151
List the prime factors of 7874473.
1579, 4987
List the prime factors of 204256.
2, 13, 491
What are the prime factors of 5000848?
2, 312553
What are the prime factors of 298023?
3, 11, 821
What are the prime factors of 262500?
2, 3, 5, 7
What are the prime factors of 3779848?
2, 17, 27793
What are the prime factors of 1029482?
2, 514741
List the prime factors of 12837744.
2, 3, 29717
List the prime factors of 68594.
2, 34297
What are the prime factors of 296213?
296213
List the prime factors of 11927994.
2, 3, 13, 31, 4933
List the prime factors of 314408.
2, 39301
List the prime factors of 5326030.
2, 5, 532603
What are the prime factors of 54769?
11, 13, 383
What are the prime factors of 2638623?
3, 13, 29, 2333
List the prime factors of 187567.
53, 3539
What are the prime factors of 196249?
443
What are the prime factors of 2475661?
463, 5347
What are the prime factors of 1083684?
2, 3, 7, 19, 97
What are the prime factors of 557230?
2, 5, 103, 541
List the prime factors of 16903666.
2, 13, 23, 1229
List the prime factors of 566390.
2, 5, 11, 19, 271
List the prime factors of 420188.
2, 73, 1439
List the prime factors of 21409189.
31, 503, 1373
List the prime factors of 156830.
2, 5, 15683
List the prime factors of 1334416.
2, 83401
List the prime factors of 305279.
13, 23, 1021
List the prime factors of 25969755.
3, 5, 7, 89, 397
What are the prime factors of 169819?
13, 13063
What are the prime factors of 946266?
2, 3, 23, 6857
List the prime factors of 3199367.
29, 110323
What are the prime factors of 229898?
2, 71, 1619
What are the prime factors of 777153?
3, 13, 19927
List the prime factors of 5525328.
2, 3, 43, 2677
What are the prime factors of 716822?
2, 17, 29, 727
What are the prime factors of 1688138?
2, 844069
List the prime factors of 4758138.
2, 3, 7, 11, 3433
What are the prime factors of 1521263?
31, 1583
List the prime factors of 21669172.
2, 7, 110557
List the prime factors of 64905.
3, 5, 4327
List the prime factors of 8155124.
2, 257, 7933
List the prime factors of 6904340.
2, 5, 73, 4729
List the prime factors of 9156667.
13, 233, 3023
List the prime factors of 34692978.
2, 3, 5782163
List the prime factors of 5483620.
2, 5, 487, 563
What are the prime factors of 3787655?
5, 43, 79, 223
List the prime factors of 242378.
2, 121189
List the prime factors of 137661.
3, 45887
What are the prime factors of 11876564?
2, 7, 424163
What are the prime factors of 17864?
2, 7, 11, 29
List the prime factors of 1733131.
821, 2111
List the prime factors of 2906738.
2, 1453369
List the prime factors of 612906.
2, 3, 7, 14593
List the prime factors of 4816981.
13, 370537
List the prime factors of 47775.
3, 5, 7, 13
List the prime factors of 414593.
59, 7027
What are the prime factors of 19398899?
13, 1492223
List the prime factors of 342832.
2, 7, 3061
List the prime factors of 81201.
3, 27067
What are the prime factors of 310440?
2, 3, 5, 13, 199
What are the prime factors of 5288859?
3, 19, 157, 197
List the prime factors of 3316265.
5, 61, 83, 131
What are the prime factors of 28539238?
2, 7, 13, 233, 673
List the prime factors of 971647.
229, 4243
What are the prime factors of 731690?
2, 5, 19, 3851
List the prime factors of 20436554.
2, 10218277
What are the prime factors of 1094870?
2, 5, 7, 15641
What are the prime factors of 732594?
2, 3, 122099
List the prime factors of 2466983.
47, 52489
List the prime factors of 85013.
151, 563
What are the prime factors of 71875?
5, 23
What are the prime factors of 915867?
3, 3769
What are the prime factors of 421624?
2, 7, 7529
List the prime factors of 3375881.
3375881
List the prime factors of 444114.
2, 3, 11, 2243
What are the prime factors of 169020?
2, 3, 5, 313
List the prime factors of 216062.
2, 7, 11, 23, 61
What are the prime factors of 1737083?
139, 12497
List the prime factors of 155593.
155593
List the prime factors of 19238919.
3, 7, 29, 4513
List the prime factors of 6987242.
2, 43, 113, 719
List the prime factors of 1087924.
2, 271981
List the prime factors of 437572.
2, 139, 787
List the prime factors of 33317023.
67, 497269
List the prime factors of 877791.
3, 101, 2897
What are the prime factors of 407274?
2, 3, 7, 9697
What are the prime factors of 625761?
3, 23, 3023
What are the prime factors of 32084139?
3, 179, 59747
What are the prime factors of 19480874?
2, 7, 157, 8863
What are the prime factors of 173617?
173617
What are the prime factors of 513616?
2, 47, 683
List the prime factors of 27883923.
3, 691, 13451
List the prime factors of 1786155.
3, 5, 7, 17011
List the prime factors of 8785310.
2, 5, 23, 38197
What are the prime factors of 16045574?
2, 71, 112997
What are the prime factors of 3031707?
3, 7, 31, 4657
What are the prime factors of 796387?
796387
What are the prime factors of 127010?
2, 5, 13, 977
List the prime factors of 1251493.
67, 18679
List the prime factors of 7711826.
2, 3855913
What are the prime factors of 271415?
5, 19, 2857
What are the prime factors of 5507816?
2, 688477
List the prime factors of 5956712.
2, 31, 24019
What are the prime factors of 3348437?
73, 45869
List the prime factors of 246852.
2, 3, 6857
List the prime factors of 2330490.
2, 3, 5, 131, 593
What are the prime factors of 9065010?
2, 3, 5, 302167
List the prime factors of 496772.
2, 124193
List the prime factors of 7005597.
3, 31, 75329
What are the prime factors of 47034?
2, 3, 13, 67
List the prime factors of 8358620.
2, 5, 417931
List the prime factors of 1920881.
17, 19, 313
List the prime factors of 2455983.
3, 272887
List the prime factors of 193582.
2, 151, 641
List the prime factors of 6667284.
2, 3, 13, 79, 541
List the prime factors of 82377.
3, 113
What are the prime factors of 8009293?
8009293
What are the prime factors of 516767?
73, 7079
What are the prime factors of 298317?
3, 99439
List the prime factors of 515346.
2, 3, 13, 6607
What are the prime factors of 513372?
2, 3, 179, 239
What are the prime factors of 102105?
3, 5, 2269
List the prime factors of 524872.
2, 65609
List the prime factors of 506277.
3, 17, 1103
List the prime factors of 2382742.
2, 401, 2971
List the prime factors of 200606.
2, 7, 23, 89
What are the prime factors of 792965?
5, 17, 19, 491
List the prime factors of 1994524.
2, 7, 71233
List the prime factors of 2877490.
2, 5, 7, 11, 37, 101
List the prime factors of 360448.
2, 11
What are the prime factors of 747566?
2, 373783
List the prime factors of 194888.
2, 17, 1433
What are the prime factors of 592112?
2, 23, 1609
What are the prime factors of 511830?
2, 3, 5, 11, 47
What are the prime factors of 532848?
2, 3, 17, 653
List the prime factors of 44654.
2, 83, 269
What are the prime factors of 14552477?
73, 163, 1223
List the prime factors of 3102001.
7, 503, 881
What are the prime factors of 18898237?
17, 1111661
What are the prime factors of 80202?
2, 3, 13367
List the prime factors of 4533950.
2, 5, 90679
What are the prime factors of 17320103?
31, 67, 269
List